- r, 0 = b - 2*c + 6*c + 43. Let f = b - -44. What are the prime factors of f?
13
Let h be -3 + 3 + (-1)/1. Let r be (h - -3)*(-1)/(-1). Suppose -2*u - 6 = -3*i + u, -3*i + r*u + 9 = 0. List the prime factors of i.
5
Suppose w = 3*w. Suppose -p = -i, -5*i + p + 20 = -w. List the prime factors of i.
5
What are the prime factors of 49 - ((-6)/15)/((-3)/15)?
47
Let h be -2*(20/(-8) + 1). Suppose -6 = -3*j + h. List the prime factors of j.
3
Let l(a) = a**2 - a + 3. Suppose 0*h = 2*h. Suppose b + 3*b - 12 = h. List the prime factors of l(b).
3
Let z = 69 - -9. List the prime factors of z.
2, 3, 13
Suppose -4*b + 653 = 157. What are the prime factors of b?
2, 31
Suppose -6*o + 2*o = -272. What are the prime factors of o?
2, 17
Let z be 1 + 0 - 0/(-2). Suppose 4*r + z = 105. List the prime factors of r.
2, 13
Let a be (6 + -4)/((-2)/16). Let b = -3 - a. What are the prime factors of b?
13
Let s(m) = m**3 + m**2 - 9*m + 31. What are the prime factors of s(6)?
229
Let d = 31 + 65. What are the prime factors of d/15*20/8?
2
Let d be (-2 + (-14)/(-6))*-3. Let o be -2 - (d + -1 - -2). What are the prime factors of 4/(12/39) + o?
11
Let q(a) = -a**2 + 13*a + 3. Let r be q(8). Let b = r - 25. List the prime factors of b.
2, 3
Let b(t) = 3*t + 4. Let y be b(5). Let g = 14 + 19. Suppose -5*w + 3*q + 68 = 0, 3*w + q - y - g = 0. List the prime factors of w.
2
Let n be (1/2)/(2/20). Let w = n - 3. List the prime factors of 12 + 0*(-1)/w.
2, 3
Let f(y) = -2 - y + 3*y**2 - 2*y - 2 - y**2. Let t be f(6). Suppose 2*q = 7*q - t. List the prime factors of q.
2, 5
Suppose -3*w - 2 = n + 13, -n = -2*w - 15. Let g(u) = -u**3 - 6*u**2 - 6*u - 5. List the prime factors of g(w).
31
Suppose l - 4 = -2*h - l, 0 = -4*h - 5*l + 7. Suppose 0 = -2*w - h*w + 115. What are the prime factors of w?
23
Suppose 0*k = k - 4. Suppose -5*m = 4*i - 2, i = k*m + 2 - 12. What are the prime factors of (-6 + i + 3)/(-1)?
5
Suppose -4*t + 7 = -s + 20, 5*t + 2*s = -26. Let m(z) = z + z + 0 + 4 - z**2 - 10*z. What are the prime factors of m(t)?
2, 5
Let i = -3 + -1. Suppose 11 = -5*p - 49. What are the prime factors of p/(3 - i/(-1))?
2, 3
Let b = -8 + 14. Suppose -2*h + b = -0*h. Suppose -4*d = -5*d + h. What are the prime factors of d?
3
Suppose 3*l - 141 = -2*w + 13, 4*w = -4*l + 212. List the prime factors of l.
2, 3
Suppose 3 + 5 = 4*a. Suppose 3*t - 3*f = -0*t - 12, -t + a*f - 8 = 0. Suppose t*d - d = -13. List the prime factors of d.
13
Let m(j) = -j**2 - 15*j + 4. List the prime factors of m(-13).
2, 3, 5
Let f = 192 + -132. Suppose 31 = -i + 4*i + 4*p, 5*p = -5*i + f. What are the prime factors of i?
17
Let p(m) = m**3 + 6*m**2 + 7*m + 5. Suppose -3*r = -4*t - 8*r - 84, 0 = 4*r + 16. Let k be (1/(-2))/((-2)/t). What are the prime factors of p(k)?
3
Let a be (-2)/(2/(-1)) - -3. Let c(d) = 2*d. Let i be c(1). Suppose -3*g + 5*y = i*g - 10, -a*g = 2*y - 8. What are the prime factors of g?
2
Let g(t) = -6*t**3 + t**2 + t - 2. List the prime factors of g(-2).
2, 3
Let h(j) = -1 + 1 - 1 - 2*j + 3. What are the prime factors of h(-6)?
2, 7
Let f(m) = m**3 + m + 39. What are the prime factors of f(0)?
3, 13
Let a = -9 + 11. What are the prime factors of 7 + 3/(-2)*a?
2
Suppose -2*z + 4 = -0*z + j, 3*z + 4*j = 1. Suppose 0 = 2*x - z*x + 10. What are the prime factors of x?
2, 5
Let h be (-2 + 2)/((-6)/3). Suppose h = v - 13. What are the prime factors of v?
13
Suppose 2*t + t = 294. What are the prime factors of t?
2, 7
Suppose -4*o - 6*l = -3*l + 3, o = 3*l + 18. Suppose 135 = -5*m - 5*r, -m + o*m + 5*r = -48. Let k = -19 - m. List the prime factors of k.
2, 5
Let j(s) = s**2 + 5*s + 2. Let f be j(-4). List the prime factors of (-3 - f)/((-3)/9).
3
Let u(p) = -p**2 + 16*p - 19. What are the prime factors of u(9)?
2, 11
Let s(i) = -i**3 + 13*i**2 + 10*i - 4. List the prime factors of s(13).
2, 3, 7
Suppose -7 = 2*q - 31. List the prime factors of q.
2, 3
Let l(d) = -d + 3 + d**3 + 0*d + 5*d**2 + 8*d + 2*d**2. Let b be l(-5). Suppose 0 = -5*i + 22 + b. What are the prime factors of i?
2
Let m(o) be the third derivative of -o**6/120 - o**5/30 + o**4/6 - 5*o**3/6 - 5*o**2. What are the prime factors of m(-4)?
11
Let k(a) = 8*a**2 + 9*a + 1. What are the prime factors of k(4)?
3, 5, 11
Let m(p) = p**2 - p - 5. What are the prime factors of m(5)?
3, 5
Let b(p) = -p**2 + 3*p - 2. Let h be b(3). Let x(m) = -3*m**3 + 2*m**2 + 2*m. Let f be x(h). Suppose 5 = 3*q - f. List the prime factors of q.
11
Let d(v) = v**3 - v**2 + v + 7. Let r be d(0). Let s(l) = -4 - 3*l - 5 + 5*l + 3. What are the prime factors of s(r)?
2
Suppose -4*y + 9*y - 195 = 0. List the prime factors of y.
3, 13
Suppose 0 = g + 5, 5*p + 4*g = g + 325. Suppose 4*y = -3*f + 2*f + p, 2*y = 4*f + 34. Suppose 2*z - 7 = y. List the prime factors of z.
2, 3
List the prime factors of (0 - -1) + (34 - -2).
37
Let n(m) = m - 2. Let a be n(4). Let j = a + 1. Suppose j*x + 4 = x + 4*l, 0 = -4*x - l + 19. List the prime factors of x.
2
Suppose -2*h = -h - 84. List the prime factors of h.
2, 3, 7
Let v be 16 + 2 + 3/(-1). Let w = v - 10. List the prime factors of w.
5
Let n = 43 + -17. What are the prime factors of n?
2, 13
Suppose 2*r = 3*v + 403, r - 4*v = v + 212. What are the prime factors of r?
197
Let t(u) = -u**3 - 2*u**2 - 2*u - 3. Let y be t(-2). Let o(j) = 2*j - 1. Let x be o(y). Suppose 0 = -2*w + 7 + x. What are the prime factors of w?
2
Let w(u) = -u + 6. Let b be w(3). Suppose -b*l = -2*l - 17. What are the prime factors of l/5 - 8/20?
3
Suppose 0 = 3*o - 96 - 6. List the prime factors of o.
2, 17
Suppose 5*l - 2 = 3. What are the prime factors of (l/2)/((-4)/(-56))?
7
Let i(a) = -2*a - 8. Let p(y) = 3*y**2 + 5*y + 2. Let l(c) = 16*c**2 + 25*c + 11. Let r(g) = -2*l(g) + 11*p(g). Let o be r(-3). List the prime factors of i(o).
2
Let m(t) = 7*t - 7. Let z be m(-4). List the prime factors of (-3 + -1)/(7/z).
2, 5
Suppose 3*j - 6 = 2*d, 0 = 4*d + 2*j + 3 - 7. Suppose d = 2*t + 3*f - 33, t + 4*f - 13 - 1 = 0. List the prime factors of t.
2, 3
Let i(v) = 4*v**2 + 0*v**3 + 0*v - 3*v - 2 - v**3. Let y be i(3). List the prime factors of (3 - 3) + (0 - y).
2
Let n(p) = p + 7. Let y be n(-4). Suppose -35 + 2 = -y*h. What are the prime factors of h?
11
List the prime factors of 0 - 1/((-3)/153).
3, 17
What are the prime factors of (-1)/(15/(-140))*12?
2, 7
Suppose 0 = -t + 23 + 115. What are the prime factors of t?
2, 3, 23
Let q be (0 - -4)*2/4. Suppose q*f - 113 = -3*f - a, -2*a + 50 = 2*f. List the prime factors of f.
2, 11
Let i = 354 - 200. List the prime factors of i.
2, 7, 11
Let v(j) = -j**3 + 15*j**2 - 10*j - 16. What are the prime factors of v(14)?
2, 5
What are the prime factors of -5*11/((-12)/8 + -1)?
2, 11
Suppose -5*u + g + 73 = 0, -4*g + 51 = 4*u - 17. Let q be -8 - u - (3 - 1). Let r = -15 - q. What are the prime factors of r?
2, 5
Let c = 5 + -5. Suppose 4*r = -3*g - 18 - 4, -2*g = 4*r + 20. Let h = c - r. List the prime factors of h.
2
Suppose -11*s = -s - 390. What are the prime factors of s?
3, 13
Let z(i) = 9*i + 7. Let a be z(3). Suppose -5*t + 1 = -a. List the prime factors of t.
7
Let z = 10 + -7. Suppose -5*b + z = -7. What are the prime factors of b?
2
Let l = 10 - 5. Suppose 4*k - 6*k - 7 = -s, -l*s + 4*k + 47 = 0. What are the prime factors of s?
11
Suppose 0*g + g - 38 = 0. What are the prime factors of g?
2, 19
Suppose -4*l = k - 13, 0 = 5*l + 2*k - 17. Suppose 5*n + l*a - 38 - 12 = 0, -5*a + 32 = n. Suppose n*t - 65 = 2*t. What are the prime factors of t?
13
Let h be (-3)/(18/(-10))*3. Suppose -q + 0*q + 15 = -h*w, -3*q + 23 = -4*w. What are the prime factors of q?
5
Suppose -412 = -2*x + m, 9*m - 6*m - 396 = -2*x. List the prime factors of x.
2, 3, 17
Suppose 0*y - 3*y = 3*r + 9, 0 = -y - 3*r - 11. List the prime factors of (1 + y)/(2/4).
2
Let i(n) = -n**3 + 3*n**2 + 6*n - 1. Let x be i(4). Suppose 3*q = -p - x, 3*q = 2*p - q - 16. List the prime factors of -1*p + 0 + 8.
2, 3
Suppose -2 = -4*i + 6. Suppose -39 = 3*s - 8*s + i*f, -2*s + 24 = -5*f. What are the prime factors of s?
7
Let s(z) = z**3 - 9*z**2 + 16*z - 17. What are the prime factors of s(8)?
47
Let d(t) = -t**3 + 4*t**2 + t + 2. Suppose -4*p + 9 = 2*j - 15, -5*j - 15 = -5*p. Suppose 0 = -4*c - j + 18. List the prime factors of d(c).
2, 3
Suppose -